10822885
What is 12001161 (base 7) in base 9?
1884043
What is 245142 (base 6) in base 14?
7d8a
What is 123504553 (base 6) in base 15?
32bce3
-337c9 (base 14) to base 11
-85a33
Convert 350080 (base 9) to base 8.
632150
Convert 12001110122100 (base 3) to base 11.
1575123
What is -1040030 (base 8) in base 14?
-73728
Convert -4ca2c0 (base 14) to base 10.
-2640288
Convert 4c87e9 (base 15) to base 2.
1110000000111011000010
What is -1000011100110000010100001 (base 2) in base 14?
-24d3757
-1010000321 (base 4) to base 13
-99a58
1141024 (base 6) to base 11
40a68
-24bbb27 (base 14) to base 3
-1020020111021002
What is -8b49 (base 13) in base 2?
-100110000101000
11000101010011100000 (base 2) to base 8
3052340
What is 1160842 (base 11) in base 4?
13231201200
-100110011000100011010101 (base 2) to base 13
-2113b8b
Convert 10022110221 (base 3) to base 2.
1111111011001110
What is a5ae84 (base 16) in base 14?
162907a
What is 11100110111110 (base 2) in base 15?
45a7
What is -2200000202112 (base 3) in base 13?
-3a83c2
Convert -112411421 (base 5) to base 13.
-14c884
Convert -324113 (base 5) to base 14.
-40d0
Convert -11100011111111110111000 (base 2) to base 7.
-120334302
What is 10100002211221 (base 3) in base 8?
6607753
89560 (base 12) to base 16
2c7d8
What is -3213244 (base 6) in base 10?
-157564
-29d0c (base 16) to base 5
-20440101
What is 1944b (base 14) in base 5?
4021323
Convert 4939551 (base 10) to base 2.
10010110101111100011111
Convert -3241020204 (base 5) to base 9.
-14103104
11217 (base 14) to base 13
15bcc
Convert -874448 (base 11) to base 5.
-324144010
1446437 (base 11) to base 4
21132022113
300202311210 (base 4) to base 3
212221112020200
Convert 100111222000120 (base 3) to base 14.
959329
What is -194b03 (base 13) in base 11?
-3a70a2
What is 22021200122002 (base 3) in base 10?
4402892
Convert -132330210 (base 6) to base 2.
-1010000100100010011110
-10012021233 (base 4) to base 3
-2000112221110
What is 2b2f (base 16) in base 8?
25457
13310403 (base 5) to base 7
1101613
Convert -100010011011000001110100 (base 2) to base 4.
-202123001310
Convert 233233030 (base 4) to base 15.
3ce07
-1101333003 (base 4) to base 2
-1010001111111000011
What is 143296 (base 11) in base 5?
24131310
What is 11005111 (base 6) in base 16?
50023
Convert -112100112212 (base 3) to base 15.
-58a9e
Convert 39858 (base 12) to base 9.
130305
-1010110000100111101100 (base 2) to base 3
-12022022010020
-120813 (base 10) to base 6
-2331153
32525625 (base 8) to base 15
9314e6
What is 34254406 (base 9) in base 4?
333123301110
What is 1345829 (base 12) in base 9?
7170226
111272 (base 10) to base 5
12030042
What is 1228060 (base 10) in base 7?
13303231
Convert -216924a (base 13) to base 8.
-46762002
Convert -19326 (base 11) to base 13.
-c3aa
What is -112313 (base 4) in base 13?
-887
What is -43550310 (base 6) in base 15?
-1abac6
What is 665d87 (base 15) in base 13?
101b240
What is -172131 (base 8) in base 2?
-1111010001011001
13d7d (base 16) to base 15
19137
27a43 (base 12) to base 9
83466
2968cb (base 15) to base 4
13213131020
What is 234218d (base 14) in base 2?
1000000001101011000010001
Convert -174923 (base 14) to base 2.
-11001000000100110011
Convert -4341a6 (base 12) to base 6.
-34453130
1092785 (base 13) to base 8
23324410
Convert 26335565 (base 8) to base 3.
102001202210110
Convert -1db409 (base 15) to base 16.
-1635ae
What is 581b8 (base 16) in base 2?
1011000000110111000
-3212204 (base 5) to base 16
-d326
What is 827003 (base 10) in base 5?
202431003
5404352 (base 8) to base 2
101100000100011101010
-5454452 (base 7) to base 14
-135b99
What is -453026 (base 7) in base 2?
-10011100110011010
Convert 1292a11 (base 11) to base 8.
10402104
Convert -11d658 (base 15) to base 16.
-d0d0c
Convert -9ce9c (base 15) to base 7.
-4150020
110300013 (base 4) to base 7
502545
Convert -417a5 (base 15) to base 2.
-110010101011110101
Convert 85c04 (base 13) to base 16.
3af61
5c94d (base 16) to base 9
637157
What is -11011000110000110011111 (base 2) in base 13?
-1618cb4
What is -2172446 (base 9) in base 14?
-2263aa
300213231 (base 4) to base 14
5280d
What is -623441 (base 15) in base 13?
-c75ca0
Convert -122002122101210 (base 3) to base 2.
-100010101010011001010011
Convert 21b636 (base 14) to base 6.
40315040
What is 227ca13 (base 13) in base 9?
21882587
10000100010110010001011 (base 2) to base 9
8138843
-3a8e0 (base 15) to base 9
-315343
110101000111111110 (base 2) to base 8
650776
Convert -139402 (base 13) to base 10.
-477427
-210233210 (base 5) to base 7
-10243260
1403645 (base 7) to base 10
186233
What is -99483 (base 13) in base 5?
-32340410
335324 (base 6) to base 5
1402140
-124333414 (base 5) to base 3
-1011120000001
What is -10132341433 (base 5) in base 8?
-47632711
Convert 231317 (base 9) to base 4.
201320101
What is -105b08 (base 13) in base 4?
-1131302101
-24626131 (base 7) to base 15
-2de5da
What is -3024111141 (base 5) in base 3?
-102102222222222
What is -221140241 (base 5) in base 9?
-1721226
110002130233 (base 4) to base 10
5252911
Convert -73600 (base 10) to base 15.
-16c1a
Convert 455544 (base 14) to base 5.
1100430021
What is 10101110000101001101 (base 2) in base 11?
447796
What is 1112001012001 (base 3) in base 13?
223939
-23805564 (base 9) to base 11
-6628964
Convert -10100110110111110 (base 2) to base 8.
-246676
-6220542 (base 7) to base 9
-1354336
-322331202 (base 4) to base 10
-241506
Convert -12110020020220 (base 3) to base 13.
-7a6091
Convert -23441220 (base 5) to base 13.
-784a1
Convert -525526 (base 8) to base 4.
-222231112
Convert -5120693 (base 11) to base 2.
-100010100001001110000110
-58b87 (base 13) to base 16
-27a2f
What is 7360316 (base 9) in base 4?
33001021122
-2daa4 (base 15) to base 13
-521c5
-47512 (base 12) to base 16
-1761e
Convert 642854 (base 12) to base 2.
110000001111001000000
What is -773747 (base 8) in base 9?
-435667
What is -22211121002210 (base 3) in base 10?
-4696293
What is 22bb99 (base 13) in base 5?
202411420
Convert 26a3cc (base 14) to base 13.
379476
What is 1960215 (base 10) in base 3?
10200120220120
Convert 13212030 (base 4) to base 13.
11217
-200010022 (base 4) to base 10
-131338
-2e1118 (base 15) to base 13
-6016bb
What is -2102121012121 (base 3) in base 2?
-100111011001111001010
Convert 277849 (base 14) to base 15.
1be86b
Convert -1a1186 (base 13) to base 9.
-1214443
-10112120011212 (base 3) to base 4
-13023031313
What is -131212121 (base 4) in base 8?
-354631
Convert -103501553 (base 7) to base 14.
-b764d3
-102122000123 (base 4) to base 9
-10063728
What is -17fa2 (base 16) in base 7?
-556220
1684517 (base 9) to base 14
1a71c4
Convert 112000121101 (base 3) to base 10.
276004
What is 1aab241 (base 13) in base 6?
513403443
Convert 872031 (base 13) to base 9.
5867780
What is 101001001100001010 (base 2) in base 15?
34ec9
4c6774 (base 14) to base 5
1133131401
Convert 1010011110100111101111 (base 2) to base 3.
12011112222200
What is 2cc49 (base 13) in base 9?
140343
-7a34 (base 14) to base 6
-242114
-2311001 (base 5) to base 6
-515320
Convert -2015325 (base 6) to base 10.
-95813
What is -1345446 (base 12) in base 7?
-44336466
Convert 1225774 (base 12) to base 16.
35f008
What is 52b245 (base 13) in base 7?
22321403
What is -2214d8 (base 16) in base 10?
-2233560
1042210 (base 5) to base 16
47fe
Convert -10121201101012 (base 3) to base 10.
-1923377
Convert 6571a2 (base 12) to base 16.
188d4a
Convert 25a05 (base 14) to base 4.
112211211
Convert -44a6c (base 15) to base 7.
-1566411
Convert 320922 (base 10) to base 11.
1aa128
1609410 (base 10) to base 4
12020323002
Convert -31000212122 (base 4) to base 6.
-201032322
What is -4030063 (base 7) in base 15?
-968b4
2313042 (base 6) to base 12
58782
Convert 1010101110011101010001 (base 2) to base 9.
5254863
Convert 104148 (base 12) to base 16.
3e7c8
Convert -89021a (base 13) to base 12.
-10b7ab6
What is a0953 (base 11) in base 12?
71485
-120002221 (base 3) to base 12
-645a
What is 231122123110 (base 4) in base 16?
b5a6d4
-6000220 (base 7) to base 10
-706006
Convert -3917a6 (base 15) to base 13.
-74b833
1010101000000100010 (base 2) to base 7
2650100
What is -d07b3 (base 15) in base 10?
-659868
Convert 289c9c (base 13) to base 9.
1773127
Convert -1321333 (base 6) to base 4.
-101303121
447c8 (base 15) to base 7
15